{"id":901,"date":"2018-08-19T17:17:20","date_gmt":"2018-08-19T16:17:20","guid":{"rendered":"http:\/\/reisen.dipas.ch\/?page_id=901"},"modified":"2021-02-09T22:35:55","modified_gmt":"2021-02-09T21:35:55","slug":"istanbul-2018-3-tag-topkapi-palast-harem","status":"publish","type":"page","link":"https:\/\/reisen.dipas.ch\/?page_id=901","title":{"rendered":"Istanbul 2018 3. Tag Topkapi Palast Harem"},"content":{"rendered":"\n<p>Topkapi kannst Du nicht vollst\u00e4ndig in einem Tag besuchen, es ist schlicht zu gross. Auch wenn es viele Aufnahmen sind, der Palast hat so viel Sehenswertes und Spannendes, dass dazu fast eine eigene Seite n\u00f6tig w\u00e4re.<\/p>\n\n\n\n<p><a href=\"https:\/\/reisen.dipas.ch\/?page_id=886\">Zur\u00fcck 2. Tag \u00d6stliches Istanbul<\/a><\/p>\n\n\n\n<figure class=\"wp-block-image alignnone size-large is-style-default\"><img loading=\"lazy\" decoding=\"async\" width=\"1680\" height=\"1120\" src=\"https:\/\/reisen.dipas.ch\/wp-content\/uploads\/2021\/02\/Istanbul_20180328_0822-1680x1120.jpg\" alt=\"\" class=\"wp-image-4126\" srcset=\"https:\/\/reisen.dipas.ch\/wp-content\/uploads\/2021\/02\/Istanbul_20180328_0822.jpg 1680w, https:\/\/reisen.dipas.ch\/wp-content\/uploads\/2021\/02\/Istanbul_20180328_0822-700x467.jpg 700w, https:\/\/reisen.dipas.ch\/wp-content\/uploads\/2021\/02\/Istanbul_20180328_0822-168x112.jpg 168w, https:\/\/reisen.dipas.ch\/wp-content\/uploads\/2021\/02\/Istanbul_20180328_0822-768x512.jpg 768w, https:\/\/reisen.dipas.ch\/wp-content\/uploads\/2021\/02\/Istanbul_20180328_0822-1536x1024.jpg 1536w\" sizes=\"auto, (max-width: 1680px) 100vw, 1680px\" \/><figcaption>Deckenverzierungen in unendlichem Umfang. Eine sch\u00f6ner als die andere.<\/figcaption><\/figure>\n\n\n\n<figure class=\"wp-block-image alignnone size-large is-style-default\"><img loading=\"lazy\" decoding=\"async\" width=\"1680\" height=\"1120\" src=\"https:\/\/reisen.dipas.ch\/wp-content\/uploads\/2021\/02\/Istanbul_20180328_0824-1680x1120.jpg\" alt=\"\" class=\"wp-image-4127\" srcset=\"https:\/\/reisen.dipas.ch\/wp-content\/uploads\/2021\/02\/Istanbul_20180328_0824.jpg 1680w, https:\/\/reisen.dipas.ch\/wp-content\/uploads\/2021\/02\/Istanbul_20180328_0824-700x467.jpg 700w, https:\/\/reisen.dipas.ch\/wp-content\/uploads\/2021\/02\/Istanbul_20180328_0824-168x112.jpg 168w, https:\/\/reisen.dipas.ch\/wp-content\/uploads\/2021\/02\/Istanbul_20180328_0824-768x512.jpg 768w, https:\/\/reisen.dipas.ch\/wp-content\/uploads\/2021\/02\/Istanbul_20180328_0824-1536x1024.jpg 1536w\" sizes=\"auto, (max-width: 1680px) 100vw, 1680px\" \/><figcaption>Ein Ordens-Schild. Mit Waffen und Orden Signaturen.<\/figcaption><\/figure>\n\n\n\n<figure class=\"wp-block-image alignnone size-large is-style-default\"><img loading=\"lazy\" decoding=\"async\" width=\"1493\" height=\"1120\" src=\"https:\/\/reisen.dipas.ch\/wp-content\/uploads\/2021\/02\/Istanbul_20180328_0824_2-1493x1120.jpg\" alt=\"\" class=\"wp-image-4128\" srcset=\"https:\/\/reisen.dipas.ch\/wp-content\/uploads\/2021\/02\/Istanbul_20180328_0824_2-1493x1120.jpg 1493w, https:\/\/reisen.dipas.ch\/wp-content\/uploads\/2021\/02\/Istanbul_20180328_0824_2-700x525.jpg 700w, https:\/\/reisen.dipas.ch\/wp-content\/uploads\/2021\/02\/Istanbul_20180328_0824_2-768x576.jpg 768w, https:\/\/reisen.dipas.ch\/wp-content\/uploads\/2021\/02\/Istanbul_20180328_0824_2-1536x1152.jpg 1536w, https:\/\/reisen.dipas.ch\/wp-content\/uploads\/2021\/02\/Istanbul_20180328_0824_2-440x330.jpg 440w, https:\/\/reisen.dipas.ch\/wp-content\/uploads\/2021\/02\/Istanbul_20180328_0824_2.jpg 1680w\" sizes=\"auto, (max-width: 1493px) 100vw, 1493px\" \/><figcaption>Sehr fein gearbeitet. Das Mittelst\u00fcck d\u00fcrfte wohl ge\u00f6ffnet werden k\u00f6nnen &#8211; zu L\u00fcftungszwecken.<\/figcaption><\/figure>\n\n\n\n<figure class=\"wp-block-image alignnone size-large is-style-default\"><img loading=\"lazy\" decoding=\"async\" width=\"1680\" height=\"1120\" src=\"https:\/\/reisen.dipas.ch\/wp-content\/uploads\/2021\/02\/Istanbul_20180328_0825-1680x1120.jpg\" alt=\"\" class=\"wp-image-4129\" srcset=\"https:\/\/reisen.dipas.ch\/wp-content\/uploads\/2021\/02\/Istanbul_20180328_0825.jpg 1680w, https:\/\/reisen.dipas.ch\/wp-content\/uploads\/2021\/02\/Istanbul_20180328_0825-700x467.jpg 700w, https:\/\/reisen.dipas.ch\/wp-content\/uploads\/2021\/02\/Istanbul_20180328_0825-168x112.jpg 168w, https:\/\/reisen.dipas.ch\/wp-content\/uploads\/2021\/02\/Istanbul_20180328_0825-768x512.jpg 768w, https:\/\/reisen.dipas.ch\/wp-content\/uploads\/2021\/02\/Istanbul_20180328_0825-1536x1024.jpg 1536w\" sizes=\"auto, (max-width: 1680px) 100vw, 1680px\" \/><figcaption>Wenn ich doch nur Arabisch k\u00f6nnte. Nur was will ich Suren lesen&#8230;<\/figcaption><\/figure>\n\n\n\n<figure class=\"wp-block-image alignnone size-full is-style-default\"><img loading=\"lazy\" decoding=\"async\" width=\"1260\" height=\"1680\" src=\"https:\/\/reisen.dipas.ch\/wp-content\/uploads\/2021\/02\/Istanbul_20180328_0840.jpg\" alt=\"\" class=\"wp-image-4130\" srcset=\"https:\/\/reisen.dipas.ch\/wp-content\/uploads\/2021\/02\/Istanbul_20180328_0840.jpg 1260w, https:\/\/reisen.dipas.ch\/wp-content\/uploads\/2021\/02\/Istanbul_20180328_0840-394x525.jpg 394w, https:\/\/reisen.dipas.ch\/wp-content\/uploads\/2021\/02\/Istanbul_20180328_0840-840x1120.jpg 840w, https:\/\/reisen.dipas.ch\/wp-content\/uploads\/2021\/02\/Istanbul_20180328_0840-768x1024.jpg 768w, https:\/\/reisen.dipas.ch\/wp-content\/uploads\/2021\/02\/Istanbul_20180328_0840-1152x1536.jpg 1152w\" sizes=\"auto, (max-width: 1260px) 100vw, 1260px\" \/><figcaption>Ein Waschraum bzw. Toilette? Der Feuerl\u00f6scher d\u00fcrfte neuzeitlich sein. \ud83d\ude42<\/figcaption><\/figure>\n\n\n\n<figure class=\"wp-block-image alignnone size-full is-style-default\"><img loading=\"lazy\" decoding=\"async\" width=\"1260\" height=\"1680\" src=\"https:\/\/reisen.dipas.ch\/wp-content\/uploads\/2021\/02\/Istanbul_20180328_0841.jpg\" alt=\"\" class=\"wp-image-4131\" srcset=\"https:\/\/reisen.dipas.ch\/wp-content\/uploads\/2021\/02\/Istanbul_20180328_0841.jpg 1260w, https:\/\/reisen.dipas.ch\/wp-content\/uploads\/2021\/02\/Istanbul_20180328_0841-394x525.jpg 394w, https:\/\/reisen.dipas.ch\/wp-content\/uploads\/2021\/02\/Istanbul_20180328_0841-840x1120.jpg 840w, https:\/\/reisen.dipas.ch\/wp-content\/uploads\/2021\/02\/Istanbul_20180328_0841-768x1024.jpg 768w, https:\/\/reisen.dipas.ch\/wp-content\/uploads\/2021\/02\/Istanbul_20180328_0841-1152x1536.jpg 1152w\" sizes=\"auto, (max-width: 1260px) 100vw, 1260px\" \/><figcaption>Der Innenraum des Harem. Grosse Bodenplatten in hexagonaler Form. Sehr dicke Mauern, die Damen des Hofes d\u00fcrfen nicht frieren. Die Kacheln sind alle handgemacht, jede einzelne sieht ein wenig anders aus. Eine beachtliche Leistung.<\/figcaption><\/figure>\n\n\n\n<p><a href=\"https:\/\/reisen.dipas.ch\/?page_id=903\">Topkapi Palast<\/a><\/p>\n","protected":false},"excerpt":{"rendered":"<p>Topkapi kannst Du nicht vollst\u00e4ndig in einem Tag besuchen, es ist schlicht zu gross. Auch wenn es viele Aufnahmen sind, der Palast hat so viel<\/p>\n<p><a href=\"https:\/\/reisen.dipas.ch\/?page_id=901\" class=\"more-link\">Continue reading<span class=\"screen-reader-text\">Istanbul 2018 3. Tag Topkapi Palast Harem<\/span><\/a><\/p>\n","protected":false},"author":1,"featured_media":0,"parent":19,"menu_order":0,"comment_status":"closed","ping_status":"closed","template":"","meta":{"ngg_post_thumbnail":0,"footnotes":""},"class_list":["post-901","page","type-page","status-publish","hentry"],"_links":{"self":[{"href":"https:\/\/reisen.dipas.ch\/index.php?rest_route=\/wp\/v2\/pages\/901","targetHints":{"allow":["GET"]}}],"collection":[{"href":"https:\/\/reisen.dipas.ch\/index.php?rest_route=\/wp\/v2\/pages"}],"about":[{"href":"https:\/\/reisen.dipas.ch\/index.php?rest_route=\/wp\/v2\/types\/page"}],"author":[{"embeddable":true,"href":"https:\/\/reisen.dipas.ch\/index.php?rest_route=\/wp\/v2\/users\/1"}],"replies":[{"embeddable":true,"href":"https:\/\/reisen.dipas.ch\/index.php?rest_route=%2Fwp%2Fv2%2Fcomments&post=901"}],"version-history":[{"count":7,"href":"https:\/\/reisen.dipas.ch\/index.php?rest_route=\/wp\/v2\/pages\/901\/revisions"}],"predecessor-version":[{"id":4213,"href":"https:\/\/reisen.dipas.ch\/index.php?rest_route=\/wp\/v2\/pages\/901\/revisions\/4213"}],"up":[{"embeddable":true,"href":"https:\/\/reisen.dipas.ch\/index.php?rest_route=\/wp\/v2\/pages\/19"}],"wp:attachment":[{"href":"https:\/\/reisen.dipas.ch\/index.php?rest_route=%2Fwp%2Fv2%2Fmedia&parent=901"}],"curies":[{"name":"wp","href":"https:\/\/api.w.org\/{rel}","templated":true}]}}