{"id":5382,"date":"2025-08-08T07:41:43","date_gmt":"2025-08-08T06:41:43","guid":{"rendered":"https:\/\/reisen.dipas.ch\/?page_id=5382"},"modified":"2025-10-29T00:00:23","modified_gmt":"2025-10-28T23:00:23","slug":"norwegen-schweden-2025","status":"publish","type":"page","link":"https:\/\/reisen.dipas.ch\/?page_id=5382","title":{"rendered":"Norwegen &#038; Schweden 2025"},"content":{"rendered":"\n<p>Vierw\u00f6chige Reise durch Norwegen und Schweden mit angemietetem Wohnmobil, da der eigene Sprinter nicht rechtzeitig fertiggestellt werden konnte.<br>Highlights sind St\u00e4dtebesuche, Inseln, Fijorde, Wasserf\u00e4lle, Natur insgesamt (mit Herbstf\u00e4rbung, Beeren und Pilzen), mit etwas Gl\u00fcck gar noch einige Tierbeobachtungen (Delphine, Wale, Rentiere, Hasen, F\u00fcchse, Elche&#8230;).<\/p>\n\n\n<p><div class=\"map_wrapper\" id=\"map_wrapper_5394\">\n<div class=\"map_box\" style=\"max-width:2000px\">\n<div class=\"map_aspect_ratio\" style=\"padding-top:56%\" data-padding-top=\"56%\" data-padding-top-mobile=\"0%\">\n<div class=\"map_container\">\n<div class=\"map_render map_loading\" id=\"map_5394\"><\/div>\n<\/div>\n<\/div>\n<\/div>\n<\/div> <div class=\"map_wrapper\" id=\"map_wrapper_5395\">\n<div class=\"map_box\" style=\"max-width:2000px\">\n<div class=\"map_aspect_ratio\" style=\"padding-top:56%\" data-padding-top=\"56%\" data-padding-top-mobile=\"0%\">\n<div class=\"map_container\">\n<div class=\"map_render map_loading\" id=\"map_5395\"><\/div>\n<\/div>\n<\/div>\n<\/div>\n<\/div><\/p>\n\n\n\n<p>23. August &#8211; 19. September 2025<\/p>\n\n\n\n<ul class=\"wp-block-list\">\n<li>23.8. Fahrt nach Norddeutschland<\/li>\n\n\n\n<li>24.8. Weiterfahrt nach Hirtshals DK (F\u00e4hre nach Kristiansand um 20 Uhr ?)<\/li>\n\n\n\n<li>25.8. (F\u00e4hre?) Stadtbesuch Kristiansand und weiter Richtung Stavanger<\/li>\n\n\n\n<li>26.8. Prejkestollen (Wanderung), Stavanger<\/li>\n\n\n\n<li>27.8. <\/li>\n\n\n\n<li>28.8.<\/li>\n\n\n\n<li>29.8.<\/li>\n\n\n\n<li>30.8.<\/li>\n\n\n\n<li>31.8.<\/li>\n\n\n\n<li>01.9.<\/li>\n\n\n\n<li>02.9.<\/li>\n\n\n\n<li>03.9.<\/li>\n\n\n\n<li>04.9.<\/li>\n\n\n\n<li>05.9.<\/li>\n\n\n\n<li>06.9.<\/li>\n\n\n\n<li>07.9.<\/li>\n\n\n\n<li>08.9.<\/li>\n\n\n\n<li>09.9.<\/li>\n\n\n\n<li>10.9.<\/li>\n\n\n\n<li>11.9.<\/li>\n\n\n\n<li>12.9.<\/li>\n\n\n\n<li>13.9.<\/li>\n\n\n\n<li>14.9. V\u00e4nernsee und Umgebung<\/li>\n\n\n\n<li>15.9. V\u00e4nernsee und Umgebung, ev. bereits Petroglyphen<\/li>\n\n\n\n<li>16.9. Petroglyphen Tanum, Litsleby, Fossum, Vitlycke, Aspeberget<\/li>\n\n\n\n<li>17.9. Stadt G\u00f6teborg, weiter nach Helsingborg<\/li>\n\n\n\n<li>18.9. \u00dcberfahrt von Helsingborg SE nach Helsing\u00f6r DK und weiter nach Deutschland<\/li>\n\n\n\n<li>19.9. Fahrt von Norddeutschland nach Basel<\/li>\n<\/ul>\n","protected":false},"excerpt":{"rendered":"<p>Vierw\u00f6chige Reise durch Norwegen und Schweden mit angemietetem Wohnmobil, da der eigene Sprinter nicht rechtzeitig fertiggestellt werden konnte.Highlights sind St\u00e4dtebesuche, Inseln, Fijorde, Wasserf\u00e4lle, Natur insgesamt<\/p>\n<p><a href=\"https:\/\/reisen.dipas.ch\/?page_id=5382\" class=\"more-link\">Continue reading<span class=\"screen-reader-text\">Norwegen &#038; Schweden 2025<\/span><\/a><\/p>\n","protected":false},"author":1,"featured_media":0,"parent":0,"menu_order":0,"comment_status":"closed","ping_status":"closed","template":"","meta":{"ngg_post_thumbnail":0,"footnotes":""},"class_list":["post-5382","page","type-page","status-publish","hentry"],"_links":{"self":[{"href":"https:\/\/reisen.dipas.ch\/index.php?rest_route=\/wp\/v2\/pages\/5382","targetHints":{"allow":["GET"]}}],"collection":[{"href":"https:\/\/reisen.dipas.ch\/index.php?rest_route=\/wp\/v2\/pages"}],"about":[{"href":"https:\/\/reisen.dipas.ch\/index.php?rest_route=\/wp\/v2\/types\/page"}],"author":[{"embeddable":true,"href":"https:\/\/reisen.dipas.ch\/index.php?rest_route=\/wp\/v2\/users\/1"}],"replies":[{"embeddable":true,"href":"https:\/\/reisen.dipas.ch\/index.php?rest_route=%2Fwp%2Fv2%2Fcomments&post=5382"}],"version-history":[{"count":5,"href":"https:\/\/reisen.dipas.ch\/index.php?rest_route=\/wp\/v2\/pages\/5382\/revisions"}],"predecessor-version":[{"id":5397,"href":"https:\/\/reisen.dipas.ch\/index.php?rest_route=\/wp\/v2\/pages\/5382\/revisions\/5397"}],"wp:attachment":[{"href":"https:\/\/reisen.dipas.ch\/index.php?rest_route=%2Fwp%2Fv2%2Fmedia&parent=5382"}],"curies":[{"name":"wp","href":"https:\/\/api.w.org\/{rel}","templated":true}]}}