{"id":5342,"date":"2023-11-01T17:50:58","date_gmt":"2023-11-01T16:50:58","guid":{"rendered":"https:\/\/reisen.dipas.ch\/?page_id=5342"},"modified":"2023-11-01T19:24:49","modified_gmt":"2023-11-01T18:24:49","slug":"slowenien-kroatien-2023","status":"publish","type":"page","link":"https:\/\/reisen.dipas.ch\/?page_id=5342","title":{"rendered":"Slowenien, Kroatien 2023"},"content":{"rendered":"\n<p>Mit dem PW fahren wir \u00fcber Deutschland und \u00d6sterreich nach Slowenien.<br>Wir verbringen einige Tage in den julischen Alpen, dem Triglav Nationalpark. Weiter nach Bled und seiner Umgebung, danach Richtung S\u00fcd-Osten zu der gr\u00f6ssten Tropfsteinh\u00f6hle Europas. Von dort weiter nach Kroatien Rijeka, Krk und den Plitvizer Seen. Nach der Winnetou Landschaft geht es langsam zur\u00fcck \u00fcber Italien, Triest, Udine und Chiavenna.<br><br>30. September bis 12. Oktober 2023.<\/p>\n\n\n<div class=\"map_wrapper\" id=\"map_wrapper_5348\">\n<div class=\"map_box\" style=\"max-width:2000px\">\n<div class=\"map_aspect_ratio\" style=\"padding-top:30%\" data-padding-top=\"30%\" data-padding-top-mobile=\"0%\">\n<div class=\"map_container\">\n<div class=\"map_render map_loading\" id=\"map_5348\"><\/div>\n<\/div>\n<\/div>\n<\/div>\n<\/div>\n\n\n<div class=\"map_wrapper\" id=\"map_wrapper_5350\">\n<div class=\"map_box\" style=\"max-width:2000px\">\n<div class=\"map_aspect_ratio\" style=\"padding-top:45%\" data-padding-top=\"45%\" data-padding-top-mobile=\"0%\">\n<div class=\"map_container\">\n<div class=\"map_render map_loading\" id=\"map_5350\"><\/div>\n<\/div>\n<\/div>\n<\/div>\n<\/div>\n\n\n\n<ol class=\"wp-block-list\">\n<li>Tag &#8211; Fahrt nach Ratece (SLO) (Damjan Lepo\u0161a)<\/li>\n\n\n\n<li>Tag &#8211; Lago di Fusine (IT), Lago di Raibl (IT) (Damjan Lepo\u0161a)<\/li>\n\n\n\n<li>Tag &#8211; Virsic Pass und  Trenta (SLO) (Damjan Lepo\u0161a)<\/li>\n\n\n\n<li>Tag &#8211; Zelenci Thermalsee, Tal zum Triglav, Bled und See (Stara Fuzina &#8211; Ceklin BOHINJ)<\/li>\n\n\n\n<li>Tag &#8211; Ruhetag (Stara Fuzina &#8211; Ceklin BOHINJ)<\/li>\n\n\n\n<li>Tag &#8211; Bohinj See, Vintgar Schlucht (Hi\u0161a Ale\u0161)<\/li>\n\n\n\n<li>Tag &#8211; Lijubliana (Apartment The Art House)<\/li>\n\n\n\n<li>Tag &#8211; Postojna Tropfsteinh\u00f6hle (SLO) &#8211; Rijeka (HR &#8211; Mausapartment)<\/li>\n\n\n\n<li>Tag &#8211; Krk Ba\u0161ka &#8211; weiter Richtung Plitvizer Seen (Green Lakes House)<\/li>\n\n\n\n<li>Tag &#8211; Plitvizer Seen (Green Lakes House)<\/li>\n\n\n\n<li>Tag &#8211; Fahrt nach Triest und weiter Richtung Udine (Agriturismo Al Gelso)<\/li>\n\n\n\n<li>Tag &#8211; Udine, weiter nach Nuova Olonio am Comersee (Nuova Olonio)<\/li>\n\n\n\n<li>Tag &#8211; Chiavenna und Heimfahrt<\/li>\n<\/ol>\n","protected":false},"excerpt":{"rendered":"<p>Mit dem PW fahren wir \u00fcber Deutschland und \u00d6sterreich nach Slowenien.Wir verbringen einige Tage in den julischen Alpen, dem Triglav Nationalpark. Weiter nach Bled und<\/p>\n<p><a href=\"https:\/\/reisen.dipas.ch\/?page_id=5342\" class=\"more-link\">Continue reading<span class=\"screen-reader-text\">Slowenien, Kroatien 2023<\/span><\/a><\/p>\n","protected":false},"author":1,"featured_media":0,"parent":0,"menu_order":0,"comment_status":"closed","ping_status":"closed","template":"","meta":{"ngg_post_thumbnail":0,"footnotes":""},"class_list":["post-5342","page","type-page","status-publish","hentry"],"_links":{"self":[{"href":"https:\/\/reisen.dipas.ch\/index.php?rest_route=\/wp\/v2\/pages\/5342","targetHints":{"allow":["GET"]}}],"collection":[{"href":"https:\/\/reisen.dipas.ch\/index.php?rest_route=\/wp\/v2\/pages"}],"about":[{"href":"https:\/\/reisen.dipas.ch\/index.php?rest_route=\/wp\/v2\/types\/page"}],"author":[{"embeddable":true,"href":"https:\/\/reisen.dipas.ch\/index.php?rest_route=\/wp\/v2\/users\/1"}],"replies":[{"embeddable":true,"href":"https:\/\/reisen.dipas.ch\/index.php?rest_route=%2Fwp%2Fv2%2Fcomments&post=5342"}],"version-history":[{"count":7,"href":"https:\/\/reisen.dipas.ch\/index.php?rest_route=\/wp\/v2\/pages\/5342\/revisions"}],"predecessor-version":[{"id":5355,"href":"https:\/\/reisen.dipas.ch\/index.php?rest_route=\/wp\/v2\/pages\/5342\/revisions\/5355"}],"wp:attachment":[{"href":"https:\/\/reisen.dipas.ch\/index.php?rest_route=%2Fwp%2Fv2%2Fmedia&parent=5342"}],"curies":[{"name":"wp","href":"https:\/\/api.w.org\/{rel}","templated":true}]}}