{"id":5111,"date":"2022-06-26T13:37:35","date_gmt":"2022-06-26T12:37:35","guid":{"rendered":"https:\/\/reisen.dipas.ch\/?page_id=5111"},"modified":"2022-06-26T13:39:36","modified_gmt":"2022-06-26T12:39:36","slug":"marokko-2022-6-tag-volubilis-fes","status":"publish","type":"page","link":"https:\/\/reisen.dipas.ch\/?page_id=5111","title":{"rendered":"Marokko 2022, 6. Tag Volubilis, F\u00e8s"},"content":{"rendered":"\n<p>Auf dem Weg nach F\u00e8s haben wir einen Abstecher nach <a href=\"https:\/\/de.wikipedia.org\/wiki\/Volubilis\">Volubilis<\/a> gemacht. Lohnenswert, denn dies ist die gr\u00f6sste Ausgrabungsst\u00e4tte der gr\u00f6ssten r\u00f6mischen Stadt in Afrika. Leider wurden beim Erdbeben von Lissabon im Jahre 1755 noch mehr Teile der Geb\u00e4ude zerst\u00f6rt. <br>Nachdem der SUV in F\u00e8s in einem Parkhaus untergebracht war, konnten wir etwas die Medina erkunden. Bei Unterkunft war gerade ums Eck eines der wenigen chinesischen Restaurants in Marokko (Baozi und anderes).<\/p>\n\n\n\n<p><a href=\"https:\/\/reisen.dipas.ch\/?page_id=5108\">Zur\u00fcck zu Marokko 2022, 5. Tag<\/a><\/p>\n\n\n\n<p><a href=\"https:\/\/reisen.dipas.ch\/?page_id=5114\">Weiter zu Marokko 2022, 7. Tag<\/a><\/p>\n","protected":false},"excerpt":{"rendered":"<p>Auf dem Weg nach F\u00e8s haben wir einen Abstecher nach Volubilis gemacht. Lohnenswert, denn dies ist die gr\u00f6sste Ausgrabungsst\u00e4tte der gr\u00f6ssten r\u00f6mischen Stadt in Afrika.<\/p>\n<p><a href=\"https:\/\/reisen.dipas.ch\/?page_id=5111\" class=\"more-link\">Continue reading<span class=\"screen-reader-text\">Marokko 2022, 6. Tag Volubilis, F\u00e8s<\/span><\/a><\/p>\n","protected":false},"author":1,"featured_media":0,"parent":0,"menu_order":0,"comment_status":"closed","ping_status":"closed","template":"","meta":{"ngg_post_thumbnail":0,"footnotes":""},"class_list":["post-5111","page","type-page","status-publish","hentry"],"_links":{"self":[{"href":"https:\/\/reisen.dipas.ch\/index.php?rest_route=\/wp\/v2\/pages\/5111","targetHints":{"allow":["GET"]}}],"collection":[{"href":"https:\/\/reisen.dipas.ch\/index.php?rest_route=\/wp\/v2\/pages"}],"about":[{"href":"https:\/\/reisen.dipas.ch\/index.php?rest_route=\/wp\/v2\/types\/page"}],"author":[{"embeddable":true,"href":"https:\/\/reisen.dipas.ch\/index.php?rest_route=\/wp\/v2\/users\/1"}],"replies":[{"embeddable":true,"href":"https:\/\/reisen.dipas.ch\/index.php?rest_route=%2Fwp%2Fv2%2Fcomments&post=5111"}],"version-history":[{"count":2,"href":"https:\/\/reisen.dipas.ch\/index.php?rest_route=\/wp\/v2\/pages\/5111\/revisions"}],"predecessor-version":[{"id":5116,"href":"https:\/\/reisen.dipas.ch\/index.php?rest_route=\/wp\/v2\/pages\/5111\/revisions\/5116"}],"wp:attachment":[{"href":"https:\/\/reisen.dipas.ch\/index.php?rest_route=%2Fwp%2Fv2%2Fmedia&parent=5111"}],"curies":[{"name":"wp","href":"https:\/\/api.w.org\/{rel}","templated":true}]}}