{"id":3387,"date":"2021-01-23T14:35:52","date_gmt":"2021-01-23T13:35:52","guid":{"rendered":"http:\/\/reisen.dipas.ch\/?page_id=3387"},"modified":"2021-01-23T16:11:48","modified_gmt":"2021-01-23T15:11:48","slug":"osteuropa-inkl-kaukasus","status":"publish","type":"page","link":"https:\/\/reisen.dipas.ch\/?page_id=3387","title":{"rendered":"Osteuropa inkl. Kaukasus"},"content":{"rendered":"\n<p class=\"has-white-color has-text-color\" style=\"font-size:26px\"><strong>1.3.1 Georgien<\/strong><\/p>\n\n\n\n<p>Schweiz &#8211; Italien Brindisi &#8211; F\u00e4hre Griechenland &#8211; div. Orte &#8211; Athen &#8211; F\u00e4hre T\u00fcrkei &#8211; Izmir &#8211; G\u00f6reme Kapadokien &#8211; Erzurum &#8211; Georgien &#8211; Tiblisi &#8211; Tusheti \/Omalo mehrere P\u00e4sse bis Kasbeki &#8211; Dadiani Museum &#8211; Batumi (Festung Gonio) &#8211; Istanbul &#8211; Plovdiv &#8211; Sofia &#8211; Schweiz<br><br><strong>Distanz<\/strong><br>etwa 10000 km (davon 2 Abschnitte mit F\u00e4hre, etwa 15%)<br><br><strong>Dauer<\/strong><br>5 bis 8 Wochen<br><br><strong>Unterkunft<\/strong><br>as usual \ud83d\ude42<\/p>\n\n\n\n<p><a href=\"http:\/\/www.erkareisen.com\/?page_id=228\">Erikareisen &#8211; Kaukasus 4&#215;4<\/a><\/p>\n\n\n\n<div class=\"wp-block-columns is-layout-flex wp-container-core-columns-is-layout-9d6595d7 wp-block-columns-is-layout-flex\">\n<div class=\"wp-block-column is-layout-flow wp-block-column-is-layout-flow\" style=\"flex-basis:100%\">\n<figure class=\"wp-block-embed is-type-video is-provider-youtube wp-block-embed-youtube wp-embed-aspect-16-9 wp-has-aspect-ratio\"><div class=\"wp-block-embed__wrapper\">\n<iframe loading=\"lazy\" title=\"The way up to Tusheti, Omalo\" width=\"880\" height=\"495\" src=\"https:\/\/www.youtube.com\/embed\/bVQDIkByHnk?feature=oembed\" frameborder=\"0\" allow=\"accelerometer; autoplay; clipboard-write; encrypted-media; gyroscope; picture-in-picture; web-share\" referrerpolicy=\"strict-origin-when-cross-origin\" allowfullscreen><\/iframe>\n<\/div><\/figure>\n<\/div>\n<\/div>\n\n\n\n<div class=\"wp-block-columns is-layout-flex wp-container-core-columns-is-layout-9d6595d7 wp-block-columns-is-layout-flex\">\n<div class=\"wp-block-column is-layout-flow wp-block-column-is-layout-flow\" style=\"flex-basis:100%\">\n<figure class=\"wp-block-embed is-type-video is-provider-youtube wp-block-embed-youtube wp-embed-aspect-16-9 wp-has-aspect-ratio\"><div class=\"wp-block-embed__wrapper\">\n<iframe loading=\"lazy\" title=\"Georgia, \u10e1\u10d0\u10e5\u10d0\u10e0\u10d7\u10d5\u10d4\u10da\u10dd, \u0413\u0440\u0443\u0437\u0438\u044f. Travel, \u043f\u0443\u0442\u0435\u0448\u0435\u0441\u0442\u0432\u0438\u0435.\" width=\"880\" height=\"495\" src=\"https:\/\/www.youtube.com\/embed\/hB4kS3Ji-T0?feature=oembed\" frameborder=\"0\" allow=\"accelerometer; autoplay; clipboard-write; encrypted-media; gyroscope; picture-in-picture; web-share\" referrerpolicy=\"strict-origin-when-cross-origin\" allowfullscreen><\/iframe>\n<\/div><\/figure>\n\n\n\n<figure class=\"wp-block-embed is-type-video is-provider-youtube wp-block-embed-youtube wp-embed-aspect-16-9 wp-has-aspect-ratio\"><div class=\"wp-block-embed__wrapper\">\n<iframe loading=\"lazy\" title=\"Georgia 4K - Mestia - the Most Magical Place\" width=\"880\" height=\"495\" src=\"https:\/\/www.youtube.com\/embed\/P2SdJjBEmRE?feature=oembed\" frameborder=\"0\" allow=\"accelerometer; autoplay; clipboard-write; encrypted-media; gyroscope; picture-in-picture; web-share\" referrerpolicy=\"strict-origin-when-cross-origin\" allowfullscreen><\/iframe>\n<\/div><\/figure>\n<\/div>\n<\/div>\n\n\n\n<p class=\"has-white-color has-text-color\" style=\"font-size:26px\">1.3.2 Estland \/ Lettland \/ Litauen<\/p>\n\n\n\n<p class=\"has-white-color has-text-color\" style=\"font-size:26px\">1.3.3 Polen \/ Slowakei (Nordkarpaten)<\/p>\n\n\n\n<p class=\"has-white-color has-text-color\" style=\"font-size:26px\">1.3.4 Rum\u00e4nien (Karpaten, Abuseni)<\/p>\n\n\n\n<p class=\"has-white-color has-text-color\" style=\"font-size:26px\">1.3.5 Russland ?<\/p>\n\n\n\n<p class=\"has-white-color has-text-color\" style=\"font-size:26px\">1.3.6 T\u00fcrkei<\/p>\n\n\n\n<p>Zur\u00fcck zu <a href=\"https:\/\/reisen.dipas.ch\/?page_id=3356\">Reisen mit eigenem Fahrzeug<\/a><\/p>\n","protected":false},"excerpt":{"rendered":"<p>1.3.1 Georgien Schweiz &#8211; Italien Brindisi &#8211; F\u00e4hre Griechenland &#8211; div. Orte &#8211; Athen &#8211; F\u00e4hre T\u00fcrkei &#8211; Izmir &#8211; G\u00f6reme Kapadokien &#8211; Erzurum &#8211;<\/p>\n<p><a href=\"https:\/\/reisen.dipas.ch\/?page_id=3387\" class=\"more-link\">Continue reading<span class=\"screen-reader-text\">Osteuropa inkl. Kaukasus<\/span><\/a><\/p>\n","protected":false},"author":1,"featured_media":0,"parent":3356,"menu_order":0,"comment_status":"closed","ping_status":"closed","template":"","meta":{"ngg_post_thumbnail":0,"footnotes":""},"class_list":["post-3387","page","type-page","status-publish","hentry"],"_links":{"self":[{"href":"https:\/\/reisen.dipas.ch\/index.php?rest_route=\/wp\/v2\/pages\/3387","targetHints":{"allow":["GET"]}}],"collection":[{"href":"https:\/\/reisen.dipas.ch\/index.php?rest_route=\/wp\/v2\/pages"}],"about":[{"href":"https:\/\/reisen.dipas.ch\/index.php?rest_route=\/wp\/v2\/types\/page"}],"author":[{"embeddable":true,"href":"https:\/\/reisen.dipas.ch\/index.php?rest_route=\/wp\/v2\/users\/1"}],"replies":[{"embeddable":true,"href":"https:\/\/reisen.dipas.ch\/index.php?rest_route=%2Fwp%2Fv2%2Fcomments&post=3387"}],"version-history":[{"count":5,"href":"https:\/\/reisen.dipas.ch\/index.php?rest_route=\/wp\/v2\/pages\/3387\/revisions"}],"predecessor-version":[{"id":3440,"href":"https:\/\/reisen.dipas.ch\/index.php?rest_route=\/wp\/v2\/pages\/3387\/revisions\/3440"}],"up":[{"embeddable":true,"href":"https:\/\/reisen.dipas.ch\/index.php?rest_route=\/wp\/v2\/pages\/3356"}],"wp:attachment":[{"href":"https:\/\/reisen.dipas.ch\/index.php?rest_route=%2Fwp%2Fv2%2Fmedia&parent=3387"}],"curies":[{"name":"wp","href":"https:\/\/api.w.org\/{rel}","templated":true}]}}