{"id":1075,"date":"2018-09-01T20:51:59","date_gmt":"2018-09-01T19:51:59","guid":{"rendered":"http:\/\/reisen.dipas.ch\/?page_id=1075"},"modified":"2021-01-08T20:44:48","modified_gmt":"2021-01-08T19:44:48","slug":"finnland-2018-paljakka-unterkunft","status":"publish","type":"page","link":"https:\/\/reisen.dipas.ch\/?page_id=1075","title":{"rendered":"Finnland 2018 Paljakka Unterkunft"},"content":{"rendered":"\n<p><a href=\"https:\/\/reisen.dipas.ch\/?page_id=1022\">Zur\u00fcck zu Schneeschuhe, Grillen, Wandern<\/a><\/p>\n\n\n\n<figure class=\"wp-block-image alignnone\"><a href=\"https:\/\/reisen.dipas.ch\/wp-content\/uploads\/2018\/09\/Finnland_2045.jpg\" rel=\"noopener\"><img loading=\"lazy\" decoding=\"async\" width=\"1680\" height=\"1025\" src=\"https:\/\/reisen.dipas.ch\/wp-content\/uploads\/2018\/09\/Finnland_2045.jpg\" alt=\"\" class=\"wp-image-1028\" srcset=\"https:\/\/reisen.dipas.ch\/wp-content\/uploads\/2018\/09\/Finnland_2045.jpg 1680w, https:\/\/reisen.dipas.ch\/wp-content\/uploads\/2018\/09\/Finnland_2045-700x427.jpg 700w, https:\/\/reisen.dipas.ch\/wp-content\/uploads\/2018\/09\/Finnland_2045-768x469.jpg 768w\" sizes=\"auto, (max-width: 1680px) 100vw, 1680px\" \/><\/a><figcaption>Die Zimmer, der Gemeinschaftsraum sind gem\u00fctlich und laden zum Verweilen.<\/figcaption><\/figure>\n\n\n\n<figure class=\"wp-block-image alignnone\"><a href=\"https:\/\/reisen.dipas.ch\/wp-content\/uploads\/2018\/09\/Finnland_2068.jpg\" rel=\"noopener\"><img loading=\"lazy\" decoding=\"async\" width=\"1680\" height=\"1120\" src=\"https:\/\/reisen.dipas.ch\/wp-content\/uploads\/2018\/09\/Finnland_2068.jpg\" alt=\"\" class=\"wp-image-1030\" srcset=\"https:\/\/reisen.dipas.ch\/wp-content\/uploads\/2018\/09\/Finnland_2068.jpg 1680w, https:\/\/reisen.dipas.ch\/wp-content\/uploads\/2018\/09\/Finnland_2068-168x112.jpg 168w, https:\/\/reisen.dipas.ch\/wp-content\/uploads\/2018\/09\/Finnland_2068-700x467.jpg 700w, https:\/\/reisen.dipas.ch\/wp-content\/uploads\/2018\/09\/Finnland_2068-768x512.jpg 768w\" sizes=\"auto, (max-width: 1680px) 100vw, 1680px\" \/><\/a><figcaption>Einige der deutschen Frauen wollten noch reiten gehen. Bei den Vorbereitungen begann es zu schneien. Im Fell der Pferde waren die Schneeflocken besonders gut anzuschauen.<\/figcaption><\/figure>\n\n\n\n<figure class=\"wp-block-image alignnone\"><a href=\"https:\/\/reisen.dipas.ch\/wp-content\/uploads\/2018\/09\/Finnland_2079.jpg\" rel=\"noopener\"><img loading=\"lazy\" decoding=\"async\" width=\"1680\" height=\"1120\" src=\"https:\/\/reisen.dipas.ch\/wp-content\/uploads\/2018\/09\/Finnland_2079.jpg\" alt=\"\" class=\"wp-image-1031\" srcset=\"https:\/\/reisen.dipas.ch\/wp-content\/uploads\/2018\/09\/Finnland_2079.jpg 1680w, https:\/\/reisen.dipas.ch\/wp-content\/uploads\/2018\/09\/Finnland_2079-168x112.jpg 168w, https:\/\/reisen.dipas.ch\/wp-content\/uploads\/2018\/09\/Finnland_2079-700x467.jpg 700w, https:\/\/reisen.dipas.ch\/wp-content\/uploads\/2018\/09\/Finnland_2079-768x512.jpg 768w\" sizes=\"auto, (max-width: 1680px) 100vw, 1680px\" \/><\/a><figcaption>Sieht ruhig und gem\u00fctlich aus. Es ist aber kalt und die Hunde sind tags\u00fcber immer irgendwie laut, raufen ab und an, oder wenn Personen an den Zwinger vorbeilaufen herrscht Stimmung.<\/figcaption><\/figure>\n\n\n\n<figure class=\"wp-block-image alignnone is-resized\"><a href=\"https:\/\/reisen.dipas.ch\/wp-content\/uploads\/2018\/09\/Finnland_4815.jpg\" rel=\"noopener\"><img loading=\"lazy\" decoding=\"async\" src=\"https:\/\/reisen.dipas.ch\/wp-content\/uploads\/2018\/09\/Finnland_4815.jpg\" alt=\"\" class=\"wp-image-1056\" width=\"630\" height=\"840\" srcset=\"https:\/\/reisen.dipas.ch\/wp-content\/uploads\/2018\/09\/Finnland_4815.jpg 1260w, https:\/\/reisen.dipas.ch\/wp-content\/uploads\/2018\/09\/Finnland_4815-394x525.jpg 394w, https:\/\/reisen.dipas.ch\/wp-content\/uploads\/2018\/09\/Finnland_4815-768x1024.jpg 768w, https:\/\/reisen.dipas.ch\/wp-content\/uploads\/2018\/09\/Finnland_4815-840x1120.jpg 840w\" sizes=\"auto, (max-width: 630px) 100vw, 630px\" \/><\/a><figcaption>Ein deutsches Ingenieuren P\u00e4rchen schmiss die K\u00fcche, da sie keine Arbeit in ihrem angestammten Gebiet erhalten, sie k\u00f6nnen zu wenig Finnisch. Ihre Gerichte waren vorz\u00fcglich, die Dessert klein aber fein.<\/figcaption><\/figure>\n\n\n\n<figure class=\"wp-block-image alignnone is-resized\"><a href=\"https:\/\/reisen.dipas.ch\/wp-content\/uploads\/2018\/09\/Finnland_4917.jpg\" rel=\"noopener\"><img loading=\"lazy\" decoding=\"async\" src=\"https:\/\/reisen.dipas.ch\/wp-content\/uploads\/2018\/09\/Finnland_4917.jpg\" alt=\"\" class=\"wp-image-1060\" width=\"560\" height=\"840\" srcset=\"https:\/\/reisen.dipas.ch\/wp-content\/uploads\/2018\/09\/Finnland_4917.jpg 1120w, https:\/\/reisen.dipas.ch\/wp-content\/uploads\/2018\/09\/Finnland_4917-350x525.jpg 350w, https:\/\/reisen.dipas.ch\/wp-content\/uploads\/2018\/09\/Finnland_4917-768x1152.jpg 768w, https:\/\/reisen.dipas.ch\/wp-content\/uploads\/2018\/09\/Finnland_4917-747x1120.jpg 747w\" sizes=\"auto, (max-width: 560px) 100vw, 560px\" \/><\/a><figcaption>Viel aus der skandinavischen und slavischen K\u00fcche wurde serviert.<\/figcaption><\/figure>\n\n\n\n<p><a href=\"https:\/\/reisen.dipas.ch\/?page_id=1020\">Wandern, Kochen in der H\u00fctte<\/a><\/p>\n","protected":false},"excerpt":{"rendered":"<p>Zur\u00fcck zu Schneeschuhe, Grillen, Wandern Wandern, Kochen in der H\u00fctte<\/p>\n","protected":false},"author":1,"featured_media":0,"parent":15,"menu_order":0,"comment_status":"closed","ping_status":"closed","template":"","meta":{"ngg_post_thumbnail":0,"footnotes":""},"class_list":["post-1075","page","type-page","status-publish","hentry"],"_links":{"self":[{"href":"https:\/\/reisen.dipas.ch\/index.php?rest_route=\/wp\/v2\/pages\/1075","targetHints":{"allow":["GET"]}}],"collection":[{"href":"https:\/\/reisen.dipas.ch\/index.php?rest_route=\/wp\/v2\/pages"}],"about":[{"href":"https:\/\/reisen.dipas.ch\/index.php?rest_route=\/wp\/v2\/types\/page"}],"author":[{"embeddable":true,"href":"https:\/\/reisen.dipas.ch\/index.php?rest_route=\/wp\/v2\/users\/1"}],"replies":[{"embeddable":true,"href":"https:\/\/reisen.dipas.ch\/index.php?rest_route=%2Fwp%2Fv2%2Fcomments&post=1075"}],"version-history":[{"count":5,"href":"https:\/\/reisen.dipas.ch\/index.php?rest_route=\/wp\/v2\/pages\/1075\/revisions"}],"predecessor-version":[{"id":2779,"href":"https:\/\/reisen.dipas.ch\/index.php?rest_route=\/wp\/v2\/pages\/1075\/revisions\/2779"}],"up":[{"embeddable":true,"href":"https:\/\/reisen.dipas.ch\/index.php?rest_route=\/wp\/v2\/pages\/15"}],"wp:attachment":[{"href":"https:\/\/reisen.dipas.ch\/index.php?rest_route=%2Fwp%2Fv2%2Fmedia&parent=1075"}],"curies":[{"name":"wp","href":"https:\/\/api.w.org\/{rel}","templated":true}]}}